[INFO] cloning repository https://github.com/addschile/advent_of_code_2021
[INFO] running `Command { std: "git" "-c" "credential.helper=" "-c" "credential.helper=/workspace/cargo-home/bin/git-credential-null" "clone" "--bare" "https://github.com/addschile/advent_of_code_2021" "/workspace/cache/git-repos/https%3A%2F%2Fgithub.com%2Faddschile%2Fadvent_of_code_2021", kill_on_drop: false }`
[INFO] [stderr] Cloning into bare repository '/workspace/cache/git-repos/https%3A%2F%2Fgithub.com%2Faddschile%2Fadvent_of_code_2021'...
[INFO] running `Command { std: "git" "rev-parse" "HEAD", kill_on_drop: false }`
[INFO] [stdout] c25fdf82edfd321c1253ba5695e7c1c894cd6e18
[INFO] checking addschile/advent_of_code_2021 against master#e6e4f7ed1589e03bc2f6c5931c1a72e7947e8682 for beta-170-4
[INFO] running `Command { std: "git" "clone" "/workspace/cache/git-repos/https%3A%2F%2Fgithub.com%2Faddschile%2Fadvent_of_code_2021" "/workspace/builds/worker-6-tc2/source", kill_on_drop: false }`
[INFO] [stderr] Cloning into '/workspace/builds/worker-6-tc2/source'...
[INFO] [stderr] done.
[INFO] validating manifest of git repo https://github.com/addschile/advent_of_code_2021 on toolchain e6e4f7ed1589e03bc2f6c5931c1a72e7947e8682
[INFO] running `Command { std: CARGO_HOME="/workspace/cargo-home" RUSTUP_HOME="/workspace/rustup-home" "/workspace/cargo-home/bin/cargo" "+e6e4f7ed1589e03bc2f6c5931c1a72e7947e8682" "metadata" "--manifest-path" "Cargo.toml" "--no-deps", kill_on_drop: false }`
[INFO] started tweaking git repo https://github.com/addschile/advent_of_code_2021
[INFO] finished tweaking git repo https://github.com/addschile/advent_of_code_2021
[INFO] tweaked toml for git repo https://github.com/addschile/advent_of_code_2021 written to /workspace/builds/worker-6-tc2/source/Cargo.toml
[INFO] crate git repo https://github.com/addschile/advent_of_code_2021 already has a lockfile, it will not be regenerated
[INFO] running `Command { std: CARGO_HOME="/workspace/cargo-home" RUSTUP_HOME="/workspace/rustup-home" "/workspace/cargo-home/bin/cargo" "+e6e4f7ed1589e03bc2f6c5931c1a72e7947e8682" "fetch" "--manifest-path" "Cargo.toml", kill_on_drop: false }`
[INFO] running `Command { std: "docker" "create" "-v" "/var/lib/crater-agent-workspace/builds/worker-6-tc2/target:/opt/rustwide/target:rw,Z" "-v" "/var/lib/crater-agent-workspace/builds/worker-6-tc2/source:/opt/rustwide/workdir:ro,Z" "-v" "/var/lib/crater-agent-workspace/cargo-home:/opt/rustwide/cargo-home:ro,Z" "-v" "/var/lib/crater-agent-workspace/rustup-home:/opt/rustwide/rustup-home:ro,Z" "-e" "SOURCE_DIR=/opt/rustwide/workdir" "-e" "CARGO_TARGET_DIR=/opt/rustwide/target" "-e" "CARGO_HOME=/opt/rustwide/cargo-home" "-e" "RUSTUP_HOME=/opt/rustwide/rustup-home" "-w" "/opt/rustwide/workdir" "-m" "1610612736" "--user" "0:0" "--network" "none" "ghcr.io/rust-lang/crates-build-env/linux@sha256:19e73879b68f455e41552ea35293514db52ea292d993f571636dbffedb77a1ee" "/opt/rustwide/cargo-home/bin/cargo" "+e6e4f7ed1589e03bc2f6c5931c1a72e7947e8682" "metadata" "--no-deps" "--format-version=1", kill_on_drop: false }`
[INFO] [stdout] bedf414b7c28093b01b4956534417ba9a1c9adc239f7fc8b6027ace2540b656d
[INFO] running `Command { std: "docker" "start" "-a" "bedf414b7c28093b01b4956534417ba9a1c9adc239f7fc8b6027ace2540b656d", kill_on_drop: false }`
[INFO] running `Command { std: "docker" "inspect" "bedf414b7c28093b01b4956534417ba9a1c9adc239f7fc8b6027ace2540b656d", kill_on_drop: false }`
[INFO] running `Command { std: "docker" "rm" "-f" "bedf414b7c28093b01b4956534417ba9a1c9adc239f7fc8b6027ace2540b656d", kill_on_drop: false }`
[INFO] [stdout] bedf414b7c28093b01b4956534417ba9a1c9adc239f7fc8b6027ace2540b656d
[INFO] running `Command { std: "docker" "create" "-v" "/var/lib/crater-agent-workspace/builds/worker-6-tc2/target:/opt/rustwide/target:rw,Z" "-v" "/var/lib/crater-agent-workspace/builds/worker-6-tc2/source:/opt/rustwide/workdir:ro,Z" "-v" "/var/lib/crater-agent-workspace/cargo-home:/opt/rustwide/cargo-home:ro,Z" "-v" "/var/lib/crater-agent-workspace/rustup-home:/opt/rustwide/rustup-home:ro,Z" "-e" "SOURCE_DIR=/opt/rustwide/workdir" "-e" "CARGO_TARGET_DIR=/opt/rustwide/target" "-e" "CARGO_INCREMENTAL=0" "-e" "RUST_BACKTRACE=full" "-e" "RUSTFLAGS=--cap-lints=forbid" "-e" "RUSTDOCFLAGS=--cap-lints=forbid" "-e" "CARGO_HOME=/opt/rustwide/cargo-home" "-e" "RUSTUP_HOME=/opt/rustwide/rustup-home" "-w" "/opt/rustwide/workdir" "-m" "1610612736" "--user" "0:0" "--network" "none" "ghcr.io/rust-lang/crates-build-env/linux@sha256:19e73879b68f455e41552ea35293514db52ea292d993f571636dbffedb77a1ee" "/opt/rustwide/cargo-home/bin/cargo" "+e6e4f7ed1589e03bc2f6c5931c1a72e7947e8682" "check" "--frozen" "--all" "--all-targets" "--message-format=json", kill_on_drop: false }`
[INFO] [stdout] b39a93a7b34cfd92516f5254984f61c44cf4dc0e0a7090dc09f8fff455fca655
[INFO] running `Command { std: "docker" "start" "-a" "b39a93a7b34cfd92516f5254984f61c44cf4dc0e0a7090dc09f8fff455fca655", kill_on_drop: false }`
[INFO] [stderr]     Checking advent_of_code_2021 v0.1.0 (/opt/rustwide/workdir)
[INFO] [stdout] error: comparison operators cannot be chained
[INFO] [stdout]   --> src/prob4.rs:75:33
[INFO] [stdout]    |
[INFO] [stdout] 75 |             let num: i32 = parse<i32>(digit);
[INFO] [stdout]    |                                 ^   ^
[INFO] [stdout]    |
[INFO] [stdout] help: use `::<...>` instead of `<...>` to specify lifetime, type, or const arguments
[INFO] [stdout]    |
[INFO] [stdout] 75 |             let num: i32 = parse::<i32>(digit);
[INFO] [stdout]    |                                 ++
[INFO] [stdout] 
[INFO] [stdout] 
[INFO] [stdout] error: comparison operators cannot be chained
[INFO] [stdout]   --> src/prob4.rs:75:33
[INFO] [stdout]    |
[INFO] [stdout] 75 |             let num: i32 = parse<i32>(digit);
[INFO] [stdout]    |                                 ^   ^
[INFO] [stdout]    |
[INFO] [stdout] help: use `::<...>` instead of `<...>` to specify lifetime, type, or const arguments
[INFO] [stdout]    |
[INFO] [stdout] 75 |             let num: i32 = parse::<i32>(digit);
[INFO] [stdout]    |                                 ++
[INFO] [stdout] 
[INFO] [stdout] 
[INFO] [stdout] error[E0432]: unresolved import `crate::prob4::problem4`
[INFO] [stdout]  --> src/main.rs:4:5
[INFO] [stdout]   |
[INFO] [stdout] 4 | use crate::prob4::problem4;
[INFO] [stdout]   |     ^^^^^^^^^^^^^^--------
[INFO] [stdout]   |     |             |
[INFO] [stdout]   |     |             help: a similar name exists in the module: `problem3`
[INFO] [stdout]   |     no `problem4` in `prob4`
[INFO] [stdout] 
[INFO] [stdout] 
[INFO] [stdout] error[E0432]: unresolved import `crate::prob4::problem4`
[INFO] [stdout]  --> src/main.rs:4:5
[INFO] [stdout]   |
[INFO] [stdout] 4 | use crate::prob4::problem4;
[INFO] [stdout]   |     ^^^^^^^^^^^^^^--------
[INFO] [stdout]   |     |             |
[INFO] [stdout]   |     |             help: a similar name exists in the module: `problem3`
[INFO] [stdout]   |     no `problem4` in `prob4`
[INFO] [stdout] 
[INFO] [stdout] 
[INFO] [stdout] error[E0412]: cannot find type `Point` in this scope
[INFO] [stdout]   --> src/prob4.rs:11:34
[INFO] [stdout]    |
[INFO] [stdout] 11 |     fn to_point(&self) -> Result<Point, &'static str> {
[INFO] [stdout]    |                                  ^^^^^ not found in this scope
[INFO] [stdout]    |
[INFO] [stdout] note: these structs exist but are inaccessible
[INFO] [stdout]   --> src/prob3.rs:24:1
[INFO] [stdout]    |
[INFO] [stdout] 24 | struct Point {
[INFO] [stdout]    | ^^^^^^^^^^^^ `crate::prob3::Point`: not accessible
[INFO] [stdout]    |
[INFO] [stdout]   ::: src/prob3b.rs:24:1
[INFO] [stdout]    |
[INFO] [stdout] 24 | struct Point {
[INFO] [stdout]    | ^^^^^^^^^^^^ `crate::prob3b::Point`: not accessible
[INFO] [stdout] 
[INFO] [stdout] 
[INFO] [stdout] error[E0412]: cannot find type `Point` in this scope
[INFO] [stdout]   --> src/prob4.rs:11:34
[INFO] [stdout]    |
[INFO] [stdout] 11 |     fn to_point(&self) -> Result<Point, &'static str> {
[INFO] [stdout]    |                                  ^^^^^ not found in this scope
[INFO] [stdout]    |
[INFO] [stdout] note: these structs exist but are inaccessible
[INFO] [stdout]   --> src/prob3.rs:24:1
[INFO] [stdout]    |
[INFO] [stdout] 24 | struct Point {
[INFO] [stdout]    | ^^^^^^^^^^^^ `crate::prob3::Point`: not accessible
[INFO] [stdout]    |
[INFO] [stdout]   ::: src/prob3b.rs:24:1
[INFO] [stdout]    |
[INFO] [stdout] 24 | struct Point {
[INFO] [stdout]    | ^^^^^^^^^^^^ `crate::prob3b::Point`: not accessible
[INFO] [stdout] 
[INFO] [stdout] 
[INFO] [stdout] error[E0422]: cannot find struct, variant or union type `Point` in this scope
[INFO] [stdout]   --> src/prob4.rs:13:29
[INFO] [stdout]    |
[INFO] [stdout] 13 |             "forward" => Ok(Point{vertical: 0, horizontal: self.length}),
[INFO] [stdout]    |                             ^^^^^ not found in this scope
[INFO] [stdout]    |
[INFO] [stdout] note: these structs exist but are inaccessible
[INFO] [stdout]   --> src/prob3.rs:24:1
[INFO] [stdout]    |
[INFO] [stdout] 24 | struct Point {
[INFO] [stdout]    | ^^^^^^^^^^^^ `crate::prob3::Point`: not accessible
[INFO] [stdout]    |
[INFO] [stdout]   ::: src/prob3b.rs:24:1
[INFO] [stdout]    |
[INFO] [stdout] 24 | struct Point {
[INFO] [stdout]    | ^^^^^^^^^^^^ `crate::prob3b::Point`: not accessible
[INFO] [stdout] 
[INFO] [stdout] 
[INFO] [stdout] error[E0422]: cannot find struct, variant or union type `Point` in this scope
[INFO] [stdout]   --> src/prob4.rs:13:29
[INFO] [stdout]    |
[INFO] [stdout] 13 |             "forward" => Ok(Point{vertical: 0, horizontal: self.length}),
[INFO] [stdout]    |                             ^^^^^ not found in this scope
[INFO] [stdout]    |
[INFO] [stdout] note: these structs exist but are inaccessible
[INFO] [stdout]   --> src/prob3.rs:24:1
[INFO] [stdout]    |
[INFO] [stdout] 24 | struct Point {
[INFO] [stdout]    | ^^^^^^^^^^^^ `crate::prob3::Point`: not accessible
[INFO] [stdout]    |
[INFO] [stdout]   ::: src/prob3b.rs:24:1
[INFO] [stdout]    |
[INFO] [stdout] 24 | struct Point {
[INFO] [stdout]    | ^^^^^^^^^^^^ `crate::prob3b::Point`: not accessible
[INFO] [stdout] 
[INFO] [stdout] 
[INFO] [stdout] error[E0422]: cannot find struct, variant or union type `Point` in this scope
[INFO] [stdout]   --> src/prob4.rs:14:30
[INFO] [stdout]    |
[INFO] [stdout] 14 |             "backward" => Ok(Point{vertical: 0, horizontal: -self.length}),
[INFO] [stdout]    |                              ^^^^^ not found in this scope
[INFO] [stdout]    |
[INFO] [stdout] note: these structs exist but are inaccessible
[INFO] [stdout]   --> src/prob3.rs:24:1
[INFO] [stdout]    |
[INFO] [stdout] 24 | struct Point {
[INFO] [stdout]    | ^^^^^^^^^^^^ `crate::prob3::Point`: not accessible
[INFO] [stdout]    |
[INFO] [stdout]   ::: src/prob3b.rs:24:1
[INFO] [stdout]    |
[INFO] [stdout] 24 | struct Point {
[INFO] [stdout]    | ^^^^^^^^^^^^ `crate::prob3b::Point`: not accessible
[INFO] [stdout] 
[INFO] [stdout] 
[INFO] [stdout] error[E0422]: cannot find struct, variant or union type `Point` in this scope
[INFO] [stdout]   --> src/prob4.rs:14:30
[INFO] [stdout]    |
[INFO] [stdout] 14 |             "backward" => Ok(Point{vertical: 0, horizontal: -self.length}),
[INFO] [stdout]    |                              ^^^^^ not found in this scope
[INFO] [stdout]    |
[INFO] [stdout] note: these structs exist but are inaccessible
[INFO] [stdout]   --> src/prob3.rs:24:1
[INFO] [stdout]    |
[INFO] [stdout] 24 | struct Point {
[INFO] [stdout]    | ^^^^^^^^^^^^ `crate::prob3::Point`: not accessible
[INFO] [stdout]    |
[INFO] [stdout]   ::: src/prob3b.rs:24:1
[INFO] [stdout]    |
[INFO] [stdout] 24 | struct Point {
[INFO] [stdout]    | ^^^^^^^^^^^^ `crate::prob3b::Point`: not accessible
[INFO] [stdout] 
[INFO] [stdout] 
[INFO] [stdout] error[E0422]: cannot find struct, variant or union type `Point` in this scope
[INFO] [stdout]   --> src/prob4.rs:15:24
[INFO] [stdout]    |
[INFO] [stdout] 15 |             "up" => Ok(Point{vertical: -self.length, horizontal: 0}),
[INFO] [stdout]    |                        ^^^^^ not found in this scope
[INFO] [stdout]    |
[INFO] [stdout] note: these structs exist but are inaccessible
[INFO] [stdout]   --> src/prob3.rs:24:1
[INFO] [stdout]    |
[INFO] [stdout] 24 | struct Point {
[INFO] [stdout]    | ^^^^^^^^^^^^ `crate::prob3::Point`: not accessible
[INFO] [stdout]    |
[INFO] [stdout]   ::: src/prob3b.rs:24:1
[INFO] [stdout]    |
[INFO] [stdout] 24 | struct Point {
[INFO] [stdout]    | ^^^^^^^^^^^^ `crate::prob3b::Point`: not accessible
[INFO] [stdout] 
[INFO] [stdout] 
[INFO] [stdout] error[E0422]: cannot find struct, variant or union type `Point` in this scope
[INFO] [stdout]   --> src/prob4.rs:15:24
[INFO] [stdout]    |
[INFO] [stdout] 15 |             "up" => Ok(Point{vertical: -self.length, horizontal: 0}),
[INFO] [stdout]    |                        ^^^^^ not found in this scope
[INFO] [stdout]    |
[INFO] [stdout] note: these structs exist but are inaccessible
[INFO] [stdout]   --> src/prob3.rs:24:1
[INFO] [stdout]    |
[INFO] [stdout] 24 | struct Point {
[INFO] [stdout]    | ^^^^^^^^^^^^ `crate::prob3::Point`: not accessible
[INFO] [stdout]    |
[INFO] [stdout]   ::: src/prob3b.rs:24:1
[INFO] [stdout]    |
[INFO] [stdout] 24 | struct Point {
[INFO] [stdout]    | ^^^^^^^^^^^^ `crate::prob3b::Point`: not accessible
[INFO] [stdout] 
[INFO] [stdout] 
[INFO] [stdout] error[E0422]: cannot find struct, variant or union type `Point` in this scope
[INFO] [stdout]   --> src/prob4.rs:16:26
[INFO] [stdout]    |
[INFO] [stdout] 16 |             "down" => Ok(Point{vertical: self.length, horizontal: 0}),
[INFO] [stdout]    |                          ^^^^^ not found in this scope
[INFO] [stdout]    |
[INFO] [stdout] note: these structs exist but are inaccessible
[INFO] [stdout]   --> src/prob3.rs:24:1
[INFO] [stdout]    |
[INFO] [stdout] 24 | struct Point {
[INFO] [stdout]    | ^^^^^^^^^^^^ `crate::prob3::Point`: not accessible
[INFO] [stdout]    |
[INFO] [stdout]   ::: src/prob3b.rs:24:1
[INFO] [stdout]    |
[INFO] [stdout] 24 | struct Point {
[INFO] [stdout]    | ^^^^^^^^^^^^ `crate::prob3b::Point`: not accessible
[INFO] [stdout] 
[INFO] [stdout] 
[INFO] [stdout] error[E0422]: cannot find struct, variant or union type `Point` in this scope
[INFO] [stdout]   --> src/prob4.rs:16:26
[INFO] [stdout]    |
[INFO] [stdout] 16 |             "down" => Ok(Point{vertical: self.length, horizontal: 0}),
[INFO] [stdout]    |                          ^^^^^ not found in this scope
[INFO] [stdout]    |
[INFO] [stdout] note: these structs exist but are inaccessible
[INFO] [stdout]   --> src/prob3.rs:24:1
[INFO] [stdout]    |
[INFO] [stdout] 24 | struct Point {
[INFO] [stdout]    | ^^^^^^^^^^^^ `crate::prob3::Point`: not accessible
[INFO] [stdout]    |
[INFO] [stdout]   ::: src/prob3b.rs:24:1
[INFO] [stdout]    |
[INFO] [stdout] 24 | struct Point {
[INFO] [stdout]    | ^^^^^^^^^^^^ `crate::prob3b::Point`: not accessible
[INFO] [stdout] 
[INFO] [stdout] 
[INFO] [stdout] error[E0412]: cannot find type `Point` in this scope
[INFO] [stdout]   --> src/prob4.rs:29:6
[INFO] [stdout]    |
[INFO] [stdout] 29 | impl Point {
[INFO] [stdout]    |      ^^^^^ not found in this scope
[INFO] [stdout]    |
[INFO] [stdout] note: these structs exist but are inaccessible
[INFO] [stdout]   --> src/prob3.rs:24:1
[INFO] [stdout]    |
[INFO] [stdout] 24 | struct Point {
[INFO] [stdout]    | ^^^^^^^^^^^^ `crate::prob3::Point`: not accessible
[INFO] [stdout]    |
[INFO] [stdout]   ::: src/prob3b.rs:24:1
[INFO] [stdout]    |
[INFO] [stdout] 24 | struct Point {
[INFO] [stdout]    | ^^^^^^^^^^^^ `crate::prob3b::Point`: not accessible
[INFO] [stdout] 
[INFO] [stdout] 
[INFO] [stdout] error[E0412]: cannot find type `Point` in this scope
[INFO] [stdout]   --> src/prob4.rs:29:6
[INFO] [stdout]    |
[INFO] [stdout] 29 | impl Point {
[INFO] [stdout]    |      ^^^^^ not found in this scope
[INFO] [stdout]    |
[INFO] [stdout] note: these structs exist but are inaccessible
[INFO] [stdout]   --> src/prob3.rs:24:1
[INFO] [stdout]    |
[INFO] [stdout] 24 | struct Point {
[INFO] [stdout]    | ^^^^^^^^^^^^ `crate::prob3::Point`: not accessible
[INFO] [stdout]    |
[INFO] [stdout]   ::: src/prob3b.rs:24:1
[INFO] [stdout]    |
[INFO] [stdout] 24 | struct Point {
[INFO] [stdout]    | ^^^^^^^^^^^^ `crate::prob3b::Point`: not accessible
[INFO] [stdout] 
[INFO] [stdout] 
[INFO] [stdout] error[E0412]: cannot find type `Point` in this scope
[INFO] [stdout]   --> src/prob4.rs:31:30
[INFO] [stdout]    |
[INFO] [stdout] 31 |     fn add(&mut self, point: Point) {
[INFO] [stdout]    |                              ^^^^^ not found in this scope
[INFO] [stdout]    |
[INFO] [stdout] note: these structs exist but are inaccessible
[INFO] [stdout]   --> src/prob3.rs:24:1
[INFO] [stdout]    |
[INFO] [stdout] 24 | struct Point {
[INFO] [stdout]    | ^^^^^^^^^^^^ `crate::prob3::Point`: not accessible
[INFO] [stdout]    |
[INFO] [stdout]   ::: src/prob3b.rs:24:1
[INFO] [stdout]    |
[INFO] [stdout] 24 | struct Point {
[INFO] [stdout]    | ^^^^^^^^^^^^ `crate::prob3b::Point`: not accessible
[INFO] [stdout] 
[INFO] [stdout] 
[INFO] [stdout] error[E0412]: cannot find type `Point` in this scope
[INFO] [stdout]   --> src/prob4.rs:31:30
[INFO] [stdout]    |
[INFO] [stdout] 31 |     fn add(&mut self, point: Point) {
[INFO] [stdout]    |                              ^^^^^ not found in this scope
[INFO] [stdout]    |
[INFO] [stdout] note: these structs exist but are inaccessible
[INFO] [stdout]   --> src/prob3.rs:24:1
[INFO] [stdout]    |
[INFO] [stdout] 24 | struct Point {
[INFO] [stdout]    | ^^^^^^^^^^^^ `crate::prob3::Point`: not accessible
[INFO] [stdout]    |
[INFO] [stdout]   ::: src/prob3b.rs:24:1
[INFO] [stdout]    |
[INFO] [stdout] 24 | struct Point {
[INFO] [stdout]    | ^^^^^^^^^^^^ `crate::prob3b::Point`: not accessible
[INFO] [stdout] 
[INFO] [stdout] 
[INFO] [stdout] error[E0412]: cannot find type `Point` in this scope
[INFO] [stdout]   --> src/prob4.rs:40:20
[INFO] [stdout]    |
[INFO] [stdout] 40 |     fn origin() -> Point {
[INFO] [stdout]    |                    ^^^^^ not found in this scope
[INFO] [stdout]    |
[INFO] [stdout] note: these structs exist but are inaccessible
[INFO] [stdout]   --> src/prob3.rs:24:1
[INFO] [stdout]    |
[INFO] [stdout] 24 | struct Point {
[INFO] [stdout]    | ^^^^^^^^^^^^ `crate::prob3::Point`: not accessible
[INFO] [stdout]    |
[INFO] [stdout]   ::: src/prob3b.rs:24:1
[INFO] [stdout]    |
[INFO] [stdout] 24 | struct Point {
[INFO] [stdout]    | ^^^^^^^^^^^^ `crate::prob3b::Point`: not accessible
[INFO] [stdout] 
[INFO] [stdout] 
[INFO] [stdout] error[E0412]: cannot find type `Point` in this scope
[INFO] [stdout]   --> src/prob4.rs:40:20
[INFO] [stdout]    |
[INFO] [stdout] 40 |     fn origin() -> Point {
[INFO] [stdout]    |                    ^^^^^ not found in this scope
[INFO] [stdout]    |
[INFO] [stdout] note: these structs exist but are inaccessible
[INFO] [stdout]   --> src/prob3.rs:24:1
[INFO] [stdout]    |
[INFO] [stdout] 24 | struct Point {
[INFO] [stdout]    | ^^^^^^^^^^^^ `crate::prob3::Point`: not accessible
[INFO] [stdout]    |
[INFO] [stdout]   ::: src/prob3b.rs:24:1
[INFO] [stdout]    |
[INFO] [stdout] 24 | struct Point {
[INFO] [stdout]    | ^^^^^^^^^^^^ `crate::prob3b::Point`: not accessible
[INFO] [stdout] 
[INFO] [stdout] 
[INFO] [stdout] error[E0422]: cannot find struct, variant or union type `Point` in this scope
[INFO] [stdout]   --> src/prob4.rs:41:9
[INFO] [stdout]    |
[INFO] [stdout] 41 |         Point{vertical: 0, horizontal: 0}
[INFO] [stdout]    |         ^^^^^ not found in this scope
[INFO] [stdout]    |
[INFO] [stdout] note: these structs exist but are inaccessible
[INFO] [stdout]   --> src/prob3.rs:24:1
[INFO] [stdout]    |
[INFO] [stdout] 24 | struct Point {
[INFO] [stdout]    | ^^^^^^^^^^^^ `crate::prob3::Point`: not accessible
[INFO] [stdout]    |
[INFO] [stdout]   ::: src/prob3b.rs:24:1
[INFO] [stdout]    |
[INFO] [stdout] 24 | struct Point {
[INFO] [stdout]    | ^^^^^^^^^^^^ `crate::prob3b::Point`: not accessible
[INFO] [stdout] 
[INFO] [stdout] 
[INFO] [stdout] error[E0425]: cannot find value `counter` in this scope
[INFO] [stdout]   --> src/prob4.rs:76:13
[INFO] [stdout]    |
[INFO] [stdout] 76 |             counter[idx] += 2*num - 1;
[INFO] [stdout]    |             ^^^^^^^ not found in this scope
[INFO] [stdout] 
[INFO] [stdout] 
[INFO] [stdout] error[E0422]: cannot find struct, variant or union type `Point` in this scope
[INFO] [stdout]   --> src/prob4.rs:41:9
[INFO] [stdout]    |
[INFO] [stdout] 41 |         Point{vertical: 0, horizontal: 0}
[INFO] [stdout]    |         ^^^^^ not found in this scope
[INFO] [stdout]    |
[INFO] [stdout] note: these structs exist but are inaccessible
[INFO] [stdout]   --> src/prob3.rs:24:1
[INFO] [stdout]    |
[INFO] [stdout] 24 | struct Point {
[INFO] [stdout]    | ^^^^^^^^^^^^ `crate::prob3::Point`: not accessible
[INFO] [stdout]    |
[INFO] [stdout]   ::: src/prob3b.rs:24:1
[INFO] [stdout]    |
[INFO] [stdout] 24 | struct Point {
[INFO] [stdout]    | ^^^^^^^^^^^^ `crate::prob3b::Point`: not accessible
[INFO] [stdout] 
[INFO] [stdout] 
[INFO] [stdout] error[E0425]: cannot find value `counter` in this scope
[INFO] [stdout]   --> src/prob4.rs:76:13
[INFO] [stdout]    |
[INFO] [stdout] 76 |             counter[idx] += 2*num - 1;
[INFO] [stdout]    |             ^^^^^^^ not found in this scope
[INFO] [stdout] 
[INFO] [stdout] 
[INFO] [stdout] warning: unused import: `BufReader`
[INFO] [stdout]  --> src/prob3.rs:1:22
[INFO] [stdout]   |
[INFO] [stdout] 1 | use std::{io::{self, BufReader, Read}, fs::File};
[INFO] [stdout]   |                      ^^^^^^^^^
[INFO] [stdout]   |
[INFO] [stdout]   = note: `#[warn(unused_imports)]` on by default
[INFO] [stdout] 
[INFO] [stdout] 
[INFO] [stdout] warning: unused import: `BufReader`
[INFO] [stdout]  --> src/prob3b.rs:1:22
[INFO] [stdout]   |
[INFO] [stdout] 1 | use std::{io::{self, BufReader, Read}, fs::File};
[INFO] [stdout]   |                      ^^^^^^^^^
[INFO] [stdout] 
[INFO] [stdout] 
[INFO] [stdout] warning: unused import: `BufReader`
[INFO] [stdout]  --> src/prob3.rs:1:22
[INFO] [stdout]   |
[INFO] [stdout] 1 | use std::{io::{self, BufReader, Read}, fs::File};
[INFO] [stdout]   |                      ^^^^^^^^^
[INFO] [stdout]   |
[INFO] [stdout]   = note: `#[warn(unused_imports)]` on by default
[INFO] [stdout] 
[INFO] [stdout] 
[INFO] [stdout] warning: unused import: `BufReader`
[INFO] [stdout]  --> src/prob4.rs:1:22
[INFO] [stdout]   |
[INFO] [stdout] 1 | use std::{io::{self, BufReader, Read}, fs::File};
[INFO] [stdout]   |                      ^^^^^^^^^
[INFO] [stdout] 
[INFO] [stdout] 
[INFO] [stdout] warning: unused import: `BufReader`
[INFO] [stdout]  --> src/prob3b.rs:1:22
[INFO] [stdout]   |
[INFO] [stdout] 1 | use std::{io::{self, BufReader, Read}, fs::File};
[INFO] [stdout]   |                      ^^^^^^^^^
[INFO] [stdout] 
[INFO] [stdout] 
[INFO] [stdout] warning: unused import: `BufReader`
[INFO] [stdout]  --> src/prob4.rs:1:22
[INFO] [stdout]   |
[INFO] [stdout] 1 | use std::{io::{self, BufReader, Read}, fs::File};
[INFO] [stdout]   |                      ^^^^^^^^^
[INFO] [stdout] 
[INFO] [stdout] 
[INFO] [stdout] error[E0599]: the method `into_iter` exists for struct `String`, but its trait bounds were not satisfied
[INFO] [stdout]   --> src/prob4.rs:74:34
[INFO] [stdout]    |
[INFO] [stdout] 74 |         for (idx, digit) in code.into_iter().enumerate() {
[INFO] [stdout]    |                                  ^^^^^^^^^
[INFO] [stdout]   --> /rustc/e6e4f7ed1589e03bc2f6c5931c1a72e7947e8682/library/alloc/src/string.rs:365:1
[INFO] [stdout]    |
[INFO] [stdout]    = note: doesn't satisfy `String: IntoIterator`
[INFO] [stdout]    |
[INFO] [stdout]    = note: doesn't satisfy `String: Iterator`
[INFO] [stdout]    |
[INFO] [stdout]    = note: the following trait bounds were not satisfied:
[INFO] [stdout]            `String: Iterator`
[INFO] [stdout]            which is required by `String: IntoIterator`
[INFO] [stdout]            `&String: Iterator`
[INFO] [stdout]            which is required by `&String: IntoIterator`
[INFO] [stdout]            `&mut String: Iterator`
[INFO] [stdout]            which is required by `&mut String: IntoIterator`
[INFO] [stdout]            `str: Sized`
[INFO] [stdout]            which is required by `str: IntoIterator`
[INFO] [stdout]            `str: Iterator`
[INFO] [stdout]            which is required by `str: IntoIterator`
[INFO] [stdout]            `&str: Iterator`
[INFO] [stdout]            which is required by `&str: IntoIterator`
[INFO] [stdout]            `&mut str: Iterator`
[INFO] [stdout]            which is required by `&mut str: IntoIterator`
[INFO] [stdout] 
[INFO] [stdout] 
[INFO] [stdout] error[E0599]: the method `into_iter` exists for struct `String`, but its trait bounds were not satisfied
[INFO] [stdout]   --> src/prob4.rs:74:34
[INFO] [stdout]    |
[INFO] [stdout] 74 |         for (idx, digit) in code.into_iter().enumerate() {
[INFO] [stdout]    |                                  ^^^^^^^^^
[INFO] [stdout]   --> /rustc/e6e4f7ed1589e03bc2f6c5931c1a72e7947e8682/library/alloc/src/string.rs:365:1
[INFO] [stdout]    |
[INFO] [stdout]    = note: doesn't satisfy `String: IntoIterator`
[INFO] [stdout]    |
[INFO] [stdout]    = note: doesn't satisfy `String: Iterator`
[INFO] [stdout]    |
[INFO] [stdout]    = note: the following trait bounds were not satisfied:
[INFO] [stdout]            `String: Iterator`
[INFO] [stdout]            which is required by `String: IntoIterator`
[INFO] [stdout]            `&String: Iterator`
[INFO] [stdout]            which is required by `&String: IntoIterator`
[INFO] [stdout]            `&mut String: Iterator`
[INFO] [stdout]            which is required by `&mut String: IntoIterator`
[INFO] [stdout]            `str: Sized`
[INFO] [stdout]            which is required by `str: IntoIterator`
[INFO] [stdout]            `str: Iterator`
[INFO] [stdout]            which is required by `str: IntoIterator`
[INFO] [stdout]            `&str: Iterator`
[INFO] [stdout]            which is required by `&str: IntoIterator`
[INFO] [stdout]            `&mut str: Iterator`
[INFO] [stdout]            which is required by `&mut str: IntoIterator`
[INFO] [stdout] 
[INFO] [stdout] 
[INFO] [stdout] error: aborting due to 13 previous errors; 3 warnings emitted
[INFO] [stdout] 
[INFO] [stdout] 
[INFO] [stdout] Some errors have detailed explanations: E0412, E0422, E0425, E0432, E0599.
[INFO] [stdout] 
[INFO] [stdout] For more information about an error, try `rustc --explain E0412`.
[INFO] [stdout] 
[INFO] [stdout] error: aborting due to 13 previous errors; 3 warnings emitted
[INFO] [stdout] 
[INFO] [stdout] 
[INFO] [stdout] Some errors have detailed explanations: E0412, E0422, E0425, E0432, E0599.
[INFO] [stdout] 
[INFO] [stdout] For more information about an error, try `rustc --explain E0412`.
[INFO] [stdout] 
[INFO] [stderr] error: could not compile `advent_of_code_2021` (bin "advent_of_code_2021") due to 14 previous errors; 3 warnings emitted
[INFO] [stderr] warning: build failed, waiting for other jobs to finish...
[INFO] [stderr] error: could not compile `advent_of_code_2021` (bin "advent_of_code_2021" test) due to 14 previous errors; 3 warnings emitted
[INFO] running `Command { std: "docker" "inspect" "b39a93a7b34cfd92516f5254984f61c44cf4dc0e0a7090dc09f8fff455fca655", kill_on_drop: false }`
[INFO] running `Command { std: "docker" "rm" "-f" "b39a93a7b34cfd92516f5254984f61c44cf4dc0e0a7090dc09f8fff455fca655", kill_on_drop: false }`
[INFO] [stdout] b39a93a7b34cfd92516f5254984f61c44cf4dc0e0a7090dc09f8fff455fca655
